of ((-10)/4)/(1/(-202)).
5, 101
Let a be 1/(2/12) - (-4 + 5). Let y = a + 2. What are the prime factors of y?
7
Let r(a) = a**2 - 16*a + 4. Let y(g) = g**2 - 15*g + 5. Let b(o) = 5*r(o) - 6*y(o). What are the prime factors of b(7)?
11
Let l = -276 - -539. List the prime factors of l.
263
Let r(y) = -y**3 + 2*y**2 + 2*y + 1. Let a = -5 + 7. Let b be r(a). Suppose 0 = -3*p + 9, 3*p + 39 = -b*o + 148. What are the prime factors of o?
2, 5
Suppose 16 + 0 = 4*d. Let t be (-119)/11 + d/(-22). Let k = t + 15. What are the prime factors of k?
2
Let z(g) = g**3 + 8*g**2 - 16*g - 14. Let c be z(-11). Let s = c + 398. List the prime factors of s.
197
Suppose 2*a + 0*a + 130 = 0. Let q = 209 + -306. Let f = a - q. What are the prime factors of f?
2
Suppose -8*d + 24 = -2*d. Suppose -j = t - 5*j - 36, 3*t - d*j - 132 = 0. What are the prime factors of t?
2, 3
Let t = -120 + 206. Suppose -5*r - 5 = 0, -5*r + 137 = -4*d - 50. Let g = t + d. What are the prime factors of g?
2, 19
Suppose 0 = -10*l + 6*l. Let z(v) = v**3 - 2*v + 48. What are the prime factors of z(l)?
2, 3
Suppose -f - 100 = f. List the prime factors of ((-19)/(-2))/((-5)/f).
5, 19
Let z be (-4 + 20/6)/((-6)/819). Let c = z + -9. What are the prime factors of c?
2, 41
Let b = -134 - -76. Let q = 79 + b. List the prime factors of q.
3, 7
Suppose -u - 3*s = -545, 3*u - 3*s - 1647 = -0*s. What are the prime factors of u?
2, 137
Suppose -5 = c + 2*p - 19, 0 = -3*c + 4*p - 8. Suppose -c*x + 11 - 3 = 0. Suppose -3*m + 52 = -x. List the prime factors of m.
2, 3
Suppose 85 = 2*h + 3*i, -h + 40 = 6*i - 2*i. Let q = 501 - 313. Suppose -q + h = -3*y. What are the prime factors of y?
2, 3
Let f be (-22)/(-4)*-1*2. Let m(c) be the first derivative of c**4/4 + 10*c**3/3 - 6*c**2 + 15*c + 29. What are the prime factors of m(f)?
2, 13
Let y(p) = 53*p**2 - 26*p - 231. What are the prime factors of y(-10)?
73
Let m be (6 - 7)*-3*2. List the prime factors of 100/m + 7/21.
17
What are the prime factors of 27/(-18)*4444/(-6)?
11, 101
Let m(z) = -86*z + 5. What are the prime factors of m(-12)?
17, 61
Let c(z) = -31*z - 48. What are the prime factors of c(-11)?
293
Let i(w) = 485*w**2 - 9*w + 1. What are the prime factors of i(-2)?
3, 653
Let m be (-6)/(-15) + 3/5. Let q(i) = 1 + i**2 + 0 + i - 3 - m. List the prime factors of q(-3).
3
Let k = 1936 + -1133. List the prime factors of k.
11, 73
Suppose -3*o - 2*d + 6364 = 0, 8*d - 4*d + 2140 = o. What are the prime factors of o?
2, 3, 59
Let h(r) be the first derivative of 4*r**3/3 + 2*r**2 + 7*r - 30. List the prime factors of h(-4).
5, 11
Let p = 79 - -20. Suppose -2*s + 48 = u + 2*s, 0 = 3*u - 3*s - p. List the prime factors of u.
2, 3
Let z(n) be the second derivative of n**5/20 + 3*n**4/4 - 2*n**3/3 - 4*n**2 - 19*n. List the prime factors of z(-7).
2, 59
Let n be (-18)/(-5) - (-12)/(-20). Suppose -n*v + 2*d + 13 = -0*d, 0 = 2*v + d + 3. What are the prime factors of (1 - (-3 + -7))*v?
11
Let n(q) = -14*q**3 - 11*q**3 + 26*q**3 - 4*q**2. Let f be n(4). Suppose f = -4*z + 30 - 2. What are the prime factors of z?
7
Let h(c) = c**3 + 7*c**2 - 9*c - 1. Let y be h(-8). Suppose y*g - 25 = 2*g. Suppose g*n = 77 - 22. What are the prime factors of n?
11
Let m = -7 - 6. Let y = 42 + m. List the prime factors of y.
29
Let p(t) = -10*t**3 - 3*t**2 - 3*t + 4. Let b be p(-3). Let u = -167 + b. Let j = u - 45. List the prime factors of j.
2, 11
Let v = 171 + 30. Suppose m - 305 = -5*k, 2*k - 3*m - v = -k. What are the prime factors of k?
2, 31
Let j(r) be the third derivative of r**5/15 + 5*r**4/24 - 4*r**3/3 + 13*r**2 + 2*r. List the prime factors of j(3).
43
Let u(c) = c**2 - 14*c + 16. Let g be u(13). Suppose -4*n = g + 1, -36 = -5*r - 4*n. Suppose -3*q + r = -58. What are the prime factors of q?
2, 11
Let h be -4 - 1/(-2 - -1). Let j be h - 16/6*-3. Suppose -j*o = 0, 8*f - o = 3*f + 15. List the prime factors of f.
3
Suppose 391 - 2279 = -2*x. List the prime factors of x.
2, 59
List the prime factors of 830 - (-2*1)/(-9 + 8).
2, 3, 23
Let o(f) = -7*f - 11. Let y = 18 - 3. Suppose h + 1 + 4 = -c, 4*c - h + y = 0. What are the prime factors of o(c)?
17
Suppose 7*g - 18 - 10 = 0. Suppose -3*v + 3*x - 22 = -g*v, 3*v + 5*x = 86. List the prime factors of v.
37
What are the prime factors of 80/((3/(-2))/((-651)/28))?
2, 5, 31
Let c(k) = 97*k + 21. What are the prime factors of c(5)?
2, 11, 23
Let d(x) = 2*x**3 + 10*x**2 + 12*x. Let w be d(-6). Let g = w - -216. What are the prime factors of g?
2, 3
Let a = 227 + 164. List the prime factors of a.
17, 23
What are the prime factors of ((-84)/(-7))/(12/2384)?
2, 149
Let o(j) = -3*j**3 + j**2 + 3*j + 7. Let n be o(-3). What are the prime factors of (1738/n)/((-1)/(-4))?
79
Let m = 1 + 3. Suppose -63 = -m*u + 25. Suppose -3*i - w + 7 = -101, -5*w = i - u. List the prime factors of i.
37
Suppose 2*x - 3*x = 2*s - 31, 0 = -s - 3*x + 13. Let f = 15 - s. List the prime factors of f/4 - 93/(-4).
23
Suppose -3*i - 28 = -22. List the prime factors of ((14/1)/(5/(-15)))/i.
3, 7
Suppose g - 1 = 0, -p - 4*g = -3 - 3. Suppose -5*t = -3*y - 904, -p*t + t = 4*y - 167. What are the prime factors of t?
179
Suppose 8 = 4*r - 4. Let z(u) = r*u**2 - 1 - 56*u + 3 + 58*u + 13*u**2. List the prime factors of z(-2).
2, 31
Let b(u) = -3*u - 6. Let p(h) = h**2 + 15*h - 9. Let v be 27/6*(-30)/9. Let y be p(v). What are the prime factors of b(y)?
3, 7
Let k be ((-1)/3)/((-17)/255). Suppose -292 = 4*v + 5*u - 829, v = k*u + 153. What are the prime factors of v?
2, 3, 23
What are the prime factors of 90220/90 - 4/9?
2, 3, 167
Let z(q) = 27*q**3 + 3*q**2 + 4*q - 34. List the prime factors of z(3).
2, 367
Let x = 3990 + -2752. What are the prime factors of x?
2, 619
Let v(d) = -5*d**3 - 16*d**2 - 20*d - 32. What are the prime factors of v(-10)?
2, 223
Let u(l) = 7*l**2 - 34*l - 18. List the prime factors of u(-12).
2, 3, 233
Let w = -7 + 11. Suppose 0 = 3*i - w*i - 320. What are the prime factors of (12/10)/((-24)/i)?
2
Let f(y) = 9*y**2 - 5*y + 7. Let p be f(2). Suppose -p = -m - 10*m. What are the prime factors of m?
3
Let v = -139 - -95. Let m = -90 - v. What are the prime factors of 0 + 2 - (0 + m)?
2, 3
Let g = -8 - 42. List the prime factors of (-1 + 2 - g)*1.
3, 17
Suppose -2*y + 8 - 2 = 0. Suppose l = -4*m + 53, 3*l - 17 = -m - l. Suppose y*j - 20 = m. List the prime factors of j.
11
Let n be (-254)/5 + -2*(-5)/(-50). What are the prime factors of (n/(-34))/(3/158)?
79
Suppose -4*s + 15 = -y - 0*y, -2*s = 2*y. Suppose -u + s*u - 58 = 0. What are the prime factors of u?
29
What are the prime factors of 0 - 2/3*(-5715)/6?
5, 127
Suppose -65 = -5*f - 4*y, -12*y + 20 = -8*y. Let d(u) = 3*u**2 - 2*u + 1. Let j be d(2). Let z = j + f. List the prime factors of z.
2, 3
Let g(d) = -d**2 - 3*d + 9. Let x be g(-4). Let b(w) = 22*w + 10. What are the prime factors of b(x)?
2, 3, 5
Let o(u) = u**3 - 12*u**2 + 6*u - 13. Let r be o(12). Let f = 187 - r. What are the prime factors of f?
2
Let w(x) = -19*x - 26. List the prime factors of w(-15).
7, 37
Let i be (3102/(-55))/((-6)/20). Suppose -5*y + i - 38 = 0. List the prime factors of y.
2, 3, 5
Let z = 9 - 16. Let t be (-1 + z)*(-5)/10. Suppose -10 = t*d + 6, -3*r + 91 = 5*d. What are the prime factors of r?
37
Let b(r) be the first derivative of -3 + r + 15/2*r**2. List the prime factors of b(1).
2
Suppose 0 = -4*i + 4*h + 7508, -4*i + 100*h - 95*h + 7507 = 0. What are the prime factors of i?
2, 3, 313
Let u = 1744 - 586. List the prime factors of u.
2, 3, 193
Let t = 2930 + -1446. List the prime factors of t.
2, 7, 53
Let m = -167 - -203. List the prime factors of m.
2, 3
Suppose -3110 = -23*l + 6504. What are the prime factors of l?
2, 11, 19
Suppose 0 = 3*o - 21 + 6. Let d = -65 - -122. Suppose -17 = o*s - d. List the prime factors of s.
2
Let t(j) = -j**2 + 5*j + 2. Let m be t(5). Suppose -3*y = -m - 7. Suppose 0*b + y*b = 45. What are the prime factors of b?
3, 5
Let m be 52/16 + 1/(-4)*1. Suppose 0 = 17*s - m*s - 1624. List the prime factors of s.
2, 29
What are the prime factors of (-5)/240*-12 + (-6614)/(-8)?
827
Let m(q) = -5*q**3 + 5*q**3 - 3 + 2*q**3 + 3*q. Let t(c) = -c + 1. Let z be t(-1). List the prime factors of m(z).
19
Let l = 3203 - 1249. What are the prime factors of l?
2, 977
Let o = 10 - 6. Le